**3/6 + 5428*u**2. Determine y(15).
1
Suppose 17*l + 455 = 52*l. Let s be (16/(-12))/(l/(-78)). Let r(g) = g**3 - 8*g**2 - 2*g + 13. Give r(s).
-3
Let r(l) be the first derivative of -1/4*l**4 - 4*l**2 + 2*l**3 + 9*l - 169. Calculate r(5).
-6
Let h = -573 - -1011. Let t(j) = -8*j + 437*j**2 + 0 - h*j**2 - 10. Calculate t(-6).
2
Let w(c) = -c**2 + 3*c + 1. Let p(q) = q + 169. Let l be p(-23). Let i = l - 142. Calculate w(i).
-3
Let r be (4/5 - -2)/(1/(-25)). Let h be 40/r - (-222)/21. Let w(y) = y**2 - 9*y + 11. Calculate w(h).
21
Let h(j) = -j**2 + 8*j - 3. Let a(o) = o**2 - 7*o + 3. Let f(z) = -5*a(z) - 4*h(z). Let t be 66/17 - (-86)/731. What is f(t)?
-7
Suppose 5*t - 9*t + 40 = 4*b, 4*t + 5*b - 44 = 0. Let f(w) = -15*w + 1 - 11*w + 4 + w**2 + 17*w. Calculate f(t).
-13
Let y(d) = 2*d**3 - 10*d**2 - 9*d - 11. Suppose -l = -g + 2 - 0, 50 = 5*g + 5*l. What is y(g)?
7
Suppose -3*d - 20 = 1. Let m be (0/(-13 - d))/2. Let h(g) be the third derivative of -g**4/24 - g**3/3 + g**2. Give h(m).
-2
Let x(t) = -21*t + 222. Let c(z) = -6*z + 59. Let m(h) = 15*c(h) - 4*x(h). Suppose 7*k = 3*k. Let n = -2 - k. Determine m(n).
9
Let n(f) = -4 + 367*f**3 - 2*f**2 + f**2 + 2*f**2 - 368*f**3 - 8*f**2 + f. Give n(-8).
52
Suppose 4*w + 2 = -2*u, 4*u = 3*w + 2 - 6. Let j be 3 - w/(-6) - (-62)/2. Suppose 5*i - 9 = -j. Let r(t) = -t**3 - 6*t**2 - 7*t - 6. Determine r(i).
4
Let m = 31 + -29. Let w(b) be the first derivative of -b**3/3 + 5*b**2/2 - b - 4. Calculate w(m).
5
Let f = 313592 - 313587. Let b(i) = -7*i + 6. Let a(v) = -14*v + 13. Let n(r) = 3*a(r) - 5*b(r). Calculate n(f).
-26
Suppose 2*j - 70 = 9*j. Let a(c) = -3*c**2 - 7 - 7*c**2 + 4*c - 4*c**3 + 3*c**3 + 20 - 3*c. Determine a(j).
3
Let g(q) = -3*q**2 - q. Suppose -7 = -16*n + 17*n. Let s be n - 0 - (0 - 10/(-5)). Let f(u) = 2*u + 16. Let b be f(s). Give g(b).
-10
Let h(z) = -7*z**2 + 9*z + 3. Let i(u) = 14*u**2 - 17*u - 7. Let c(n) = 5*h(n) + 3*i(n). Calculate c(-1).
7
Let k(l) = -5*l**3 + 8*l**2 + 12*l + 12. Let m(u) = -12*u**3 + 15*u**2 + 24*u + 24. Let h(n) = 5*k(n) - 2*m(n). What is h(11)?
23
Let v = 98 - 78. Suppose -4*n = -2*c + v, -30 = 5*n - 10. Let b(z) be the third derivative of z**6/120 + z**5/30 + z**4/12 - z**3/3 + z**2. What is b(c)?
18
Let g(l) be the third derivative of -l**5/60 - l**3/2 + 131*l**2. Let z(q) = q**3 + 4*q**2 - q - 11. Let n(a) = 4*g(a) - z(a). What is n(-8)?
-9
Let u(l) = -l**3 + l**2 + 11. Suppose -355 - 85 = -40*w. Suppose 2*t - 7*t - w*t = 0. Calculate u(t).
11
Let o(p) = -p**3 - p**2 - 9*p - 7. Let k be o(-3). Suppose 5*r - 2*v - k + 15 = 0, 17 = 3*r + 2*v. Let u(x) = x**3 - 3*x**2 - 5*x + 2. Calculate u(r).
27
Let u(l) = 2*l**2 + 3. Let r(p) = -3*p**2 + 23*p - 86. Let b(h) = r(h) + u(h). Let d be b(5). Let j(f) = -f**3 + 7*f**2 + 3*f - 10. What is j(d)?
11
Let u(r) be the second derivative of r**5/20 + 5*r**4/12 - 3*r**3/2 - 4*r**2 + 134*r. Let z be u(-6). Let x(p) = p**3 - 11*p**2 + 13*p - 8. What is x(z)?
22
Suppose 46*n - 266 = -312. Let a(g) = 3*g**3 - 2*g - 1. Calculate a(n).
-2
Let g(w) = w**3 - 13*w**2 - 21*w - 6. Let j be g(15). Let t = j + -130. Let v(x) = -2*x**2 - x - 1. Give v(t).
-2
Let d(l) = -22*l + 9. Let t(k) = -11*k + 17. Let j(v) = 2*d(v) - 5*t(v). Calculate j(6).
-1
Let c(q) = -2 + 5139*q**2 - 7 + 3*q**3 - 11*q - 5142*q**2. Determine c(-3).
-84
Let a(s) = -s**2 - 5*s + 2. Let r be 5/(-55)*2 - 525/77. What is a(r)?
-12
Let d be 0 - -2*1*2. Let q(a) = 2*a**2 + 6*a - 4. Let m = -1383 - -1378. Let b(w) = -3*w**2 - 12*w + 8. Let v(x) = m*q(x) - 3*b(x). What is v(d)?
4
Let d(r) = -3*r**2 + 19*r**2 - 1 + 0*r**2 - 6*r**2. Suppose 3*b - 150 = -2*y, -b + 3*y = 15 - 76. Let z = b + -53. Determine d(z).
9
Let j be (16/120 - (-38)/(-60))/((-84)/(-1512)). Let l(d) = 3*d + d + 5*d - 8 + d**2. Determine l(j).
-8
Let s(n) = n**2 - 9*n + 9. Let y(r) = -13*r + 32. Let v(u) = -u**2 + 26*u - 86. Let z be v(22). Let x be y(z). Calculate s(x).
-9
Let p(w) = 10*w**3 - 5*w**2 - 2. Let n(v) = 50*v**3 - 27*v**2 - 11. Let g(s) = -2*n(s) + 11*p(s). Let h be ((-16)/(-6) - 3)*3. Give g(h).
-11
Let o be (-75)/6*-2 + -1*6. Let s = o + -15. Let z(i) be the first derivative of i**2/2 - 6*i - 1. Determine z(s).
-2
Let t(v) be the third derivative of v**7/1680 - v**6/144 - 7*v**5/6 + 58*v**2. Let o(r) be the third derivative of t(r). Calculate o(4).
7
Let d(a) = -a**2 + 8*a - 10. Suppose -14 = -j + 5. Let m(u) = -9*u + j*u + 1 - 9*u. Let h be m(6). Determine d(h).
-3
Let y(j) = -2*j**2 + 6*j - 11. Let s = 5070 - 5062. Calculate y(s).
-91
Let x(g) = 8 - 15525*g - 3*g**2 + 7766*g - g**3 + 7760*g. Calculate x(-3).
5
Suppose 3883 - 1238 = 23*u. Let o = -106 + u. Let t(m) = m - 10. Calculate t(o).
-1
Let v be (-154)/(-1309)*-3*68/(-36). Let a(p) be the third derivative of 0 + 0*p + 1/4*p**4 + 44*p**2 - v*p**3. Give a(4).
20
Let w(p) be the first derivative of p**2/2 + 16*p + 665. Determine w(-11).
5
Let j(p) = 1598 - 709 - 892 + p**2. What is j(-7)?
46
Suppose 0 = 684*n - 665*n - 76. Let c(i) = -7*i**2 + 15*i - 7. What is c(n)?
-59
Let c(s) be the third derivative of s**5/30 + 5*s**4/3 - 2*s**3 + 4*s**2 + 9*s + 2. Determine c(-21).
30
Suppose 0 = 5*x + 4*y, -8*x + 10*x = -4*y. Let k(u) = -4 + 3 + x + 3 - 12*u - 3. What is k(3)?
-37
Let y(x) = 13*x - 1. Let m be (-2*(-3)/(-9))/((-8)/(-60)). Let g(z) = -7*z. Let c(f) = m*g(f) - 3*y(f). Calculate c(-3).
15
Let g(z) = 5*z**3 + 9*z**2 - 12*z + 0*z + 32*z + 38 - 7*z - 4*z**3. Determine g(-7).
45
Let v(o) = 26*o - 9. Let x(g) = -108*g + 36. Let p(j) = -21*v(j) - 5*x(j). Determine p(3).
-9
Let t be 4*-33*8/(-16). Suppose -t = -16*j - 2. Let p(v) = -2*v**3 + 7*v**2 - 5*v + 2. Determine p(j).
-34
Let m(g) = -284*g + 101*g + 89*g + 92*g + 42. Give m(-14).
70
Let h = 27 - 18. Let w(k) be the first derivative of k**4/4 - 8*k**3/3 - 13*k**2/2 + 13*k - 321. Determine w(h).
-23
Suppose -2*l + 12 = 3*l - 3*r, l = -4*r - 16. Suppose -5*k + 13 = 2*g, 2*g + k + l*k - 9 = 0. Let y(u) = 4*u**2 + 2*u + g*u - u**2 - 4*u**2. Determine y(3).
9
Let m(f) = 2*f - 5. Let y(s) = s - 6. Suppose 2 = -k - 5*q, 0 = -4*k + k + 3*q + 30. Let t be y(k). Suppose 5 = -t*d + 15. Determine m(d).
5
Let q(k) be the second derivative of k**5/20 + 7*k**4/6 - 8*k**3/3 - 35*k**2/2 + 2020*k. Determine q(-15).
-20
Let x(k) = 13*k**3 + 28*k**2 - 14*k + 27. Let l(t) = 12*t**3 + 29*t**2 - 13*t + 22. Let j(p) = 7*l(p) - 6*x(p). Calculate j(-6).
-2
Let x(o) = -o**2 - 7*o + 8. Let n = -348 + 356. Suppose -g - 37 = 4*b, b = -13*g + n*g - 33. Determine x(b).
0
Let r(h) be the third derivative of -5*h**4/12 - 7*h**3/6 - 2*h**2 + 58*h. Calculate r(0).
-7
Let z(s) = -1. Let y(u) = 5*u + 6. Let g(x) = -x**2 + 48. Let d be g(-7). Let v(l) = d*y(l) - 2*z(l). What is v(4)?
-24
Let n(f) = -f**3 - 2*f**2 - 3*f - 8. Let t be 10/((-2)/(-5)*-5). Give n(t).
82
Let h = 36 - 30. Suppose 5*m + 7 = d + h*m, 0 = -3*d - 4*m + 23. Let j(l) = 2*l**2 - 5. What is j(d)?
45
Let j(k) = -277*k - 2212. Let z be j(-8). Let p(v) = 2*v**3 - 8*v**2 - 9*v + 17. Give p(z).
-19
Let k(v) = -47*v**2 - v - 44. Let y(q) = -59*q**2 - 2*q - 46. Let b(n) = -5*k(n) + 4*y(n). Give b(5).
-4
Let n(x) = -x**3 + 6*x**2 - 7*x. Suppose 0 = 18*z + 10*z - 33 - 23. Determine n(z).
2
Suppose 7*k - 6*k = -2*h + 42, 0 = h + k - 20. Suppose 3*s = 173 + h. Let m = s + -59. Let c(b) = -b**3 + 5*b**2 + 10*b - 9. Give c(m).
15
Let k(n) = -13*n**2 + 3*n + 5. Let h(w) = 2*w**2 - 1. Let c(b) = -6*h(b) - k(b). Let i(o) = -o - 10. Let u be i(-12). Calculate c(u).
-1
Let u = -15070 - -15067. Let v(s) = 3*s - s**2 - 1 - 7*s + 8. Give v(u).
10
Let b be 80/12 + (-4)/6. Let m(j) = 6*j**3 - 3*j**2 - 10*j - 17. Let c(z) = z**3 + z**2 - 3*z - 2. Let d(i) = 5*c(i) - m(i). Determine d(b).
49
Let m be (-1)/((-1)/((-44)/1)). Suppose 29*k + 81 = 719. Let t be k/m - 3/(-2). Let w(s) = 2*s**2 + s - 1. Give w(t).
2
Let u(a) = 18*a**2 + 2 - 12 - a**3 - 18 - 44*a - 4 + 8. Determine u(15).
-9
Let r(w) = -w + 2. Let p(x) be the second derivative of 0 - 9/2*x**2 + 25*x + 5/6*x**3. Let t(d) = 4*p(d) + 18*r(d). Give t(-1).
-2
Let v(h) be the second derivative of h**4/12 + 31*h**3/6 - 109*h**2/2 + h - 419. Calculate v(-34).
-7
Let f(z) be the second derivative of -z**5/20 + 5*z**4/12 - 13*z**3/6 + 9*z**2 + 18*z. Give f(3).
-3
Let n(d) = -d**3 + 5*d**2 + 8*d - 15. Suppose 8*i + 2